 Let g = z + -31. What are the prime factors of g?
2
Suppose 0 = 6*h - h - 10. Suppose -h*u - 2*u = -144. Let m = -18 + u. What are the prime factors of m?
2, 3
Let w(p) = p**2 + 2*p + 8. Let z be w(13). Suppose g = -k + 4*g + 62, -4*k + z = -3*g. What are the prime factors of k?
47
Let j = 84 - 37. What are the prime factors of j?
47
Let b = 18 + -15. Suppose b*a - 107 = 46. What are the prime factors of a?
3, 17
Let n = 17 + 40. Suppose 4*i - 123 - n = 0. What are the prime factors of i?
3, 5
Suppose l + 19 = -s + 133, 5*l - 3*s = 578. What are the prime factors of l?
5, 23
Let m be (6/(-4))/(1/2). Let s(q) = q + 7. Let v be s(m). Suppose v*i - 3 = 13. List the prime factors of i.
2
Let w(k) = -3*k + 1. Let a be w(-1). Let n be ((-4)/(-5))/((-20)/(-50)). Suppose -22 = n*h - a*h. What are the prime factors of h?
11
Suppose 0 = -4*j + q + 341, 0 = 3*j + 2*q - 4*q - 252. List the prime factors of j.
2, 43
Let p = 1 - -3. Suppose -9*x + p*x = -25. Suppose -g + 5*q + 48 = 3*g, 0 = -g + x*q + 12. What are the prime factors of g?
2, 3
Suppose -4*z - 4*u = -116, 2*u = -4*z + u + 113. List the prime factors of z.
2, 7
Let h(v) = 2*v + 14. Let u = -10 + 20. What are the prime factors of h(u)?
2, 17
Let k = -4 - -2. Let x = -8 - k. What are the prime factors of (-62)/x - 4/12?
2, 5
Let g = 15 + -6. Let y = 17 - g. Suppose 3*v + v - y = 0. List the prime factors of v.
2
Let s = 93 + -54. List the prime factors of s.
3, 13
Suppose 4*a + 9 = 17. List the prime factors of a.
2
Let q be 653/5 - (-6)/(-10). Suppose 4*v - q = -v. Suppose 0*r + v = 2*r. List the prime factors of r.
13
Suppose -2*c + 14 = 4*z, 3*c - 4*z = 2*c - 5. List the prime factors of (-3)/(c*(-1)/28).
2, 7
Let t(p) = 21*p + 2. What are the prime factors of t(2)?
2, 11
List the prime factors of 53*(3 - 6)/(-3).
53
Let l(o) = -2*o**3 + o + 2. Let j be l(-2). Suppose -d - j = 3*d. Let h(f) = f**3 + 6*f**2 + 5*f - 2. What are the prime factors of h(d)?
2, 5
Suppose 2 = 2*i - 4. Let a(f) = 2*f + 3. Let d be a(i). Suppose 2*n - n = d. What are the prime factors of n?
3
Let b = 105 - 70. What are the prime factors of b?
5, 7
Suppose 148 = 3*w - 17. List the prime factors of w.
5, 11
Suppose -7*k + 4*k - 6 = 0. What are the prime factors of (k/4)/((-2)/52)?
13
Let b(f) = 3*f**2 + f - 1. Let d be b(1). Let h be (-51)/(-15) + 2/(-5). Let x = d + h. What are the prime factors of x?
2, 3
Suppose -4*t + 8 + 0 = 0. Suppose -22 = -u - h + t, u - 18 = 2*h. List the prime factors of u.
2, 11
Let n(q) be the third derivative of q**5/30 - q**4/4 + q**3/6 - q**2. Suppose 3*v - 5*r - 2 = 0, -v - v = -2*r - 4. What are the prime factors of n(v)?
3
Suppose -5*g + o + 101 = 0, 0 = 4*g + 3*o - 6*o - 72. Suppose -4*p = -23 - g. Let x = -7 + p. What are the prime factors of x?
2
Suppose -2 = 3*j + 4*b + 8, -4*j - 5*b - 14 = 0. Let n be 0*(j/(-4))/(-3). Suppose n = 4*p + 4*x - 9 - 27, 4*x = -2*p + 20. List the prime factors of p.
2
What are the prime factors of (162/(-4))/((-19)/38)?
3
List the prime factors of ((-28)/(-3))/(3/45).
2, 5, 7
Suppose -4*i = -9*i. Let n = 4 - 2. Suppose -3*f + 51 = n*v - 4*v, i = -2*f + 2*v + 36. What are the prime factors of f?
3, 5
Suppose -7*r - 726 = -9*r. List the prime factors of r.
3, 11
Suppose s + 5*n - 55 = 0, 0*s + 143 = 3*s + 4*n. What are the prime factors of s?
3, 5
Suppose 0 = 2*z + 6, f + 6 - 14 = -5*z. What are the prime factors of f?
23
Let x(z) = 13*z - 23*z + 16*z. Let p(j) = -j**3 + 3*j**2 - 3*j + 3. Let r be p(2). List the prime factors of x(r).
2, 3
Suppose h = 5*h - 104. Suppose -t - 5*z - 19 + 48 = 0, 0 = -t - 2*z + h. What are the prime factors of t?
2, 3
Let q(a) = 2*a - 11. Let o(v) = -v**2 - 5*v + 2. Let y be o(-3). Let j be q(y). Suppose -m - 3 - 2 = 0, -9 = 4*i + j*m. List the prime factors of i.
2
Let a = 0 - 6. Let y = a - -37. List the prime factors of y.
31
Let c(z) = -z + 5. Let g be c(5). Suppose -t = -g*t - 21. List the prime factors of t.
3, 7
Suppose 3*p - 62 = p. Suppose -5*b + p = -14. List the prime factors of b.
3
Let l(u) = 5*u - 2. What are the prime factors of l(6)?
2, 7
Let u = -67 + 48. Let i = 43 + u. List the prime factors of i.
2, 3
Suppose -10*h + 14*h = 0. Suppose -3*d + 5*q = -36, h = -d - 3*d + 3*q + 59. What are the prime factors of d?
17
Let a = 10 - 9. Let o = a - -5. List the prime factors of o.
2, 3
List the prime factors of (-2 + 304)*12/24.
151
Let r = -4 - -5. Suppose -r - 15 = 4*a. Let h(f) = f**2 + 4. List the prime factors of h(a).
2, 5
What are the prime factors of (6 - -7)*13*(4 + -3)?
13
Let m(h) = h - 11. Let p be m(13). Suppose -27 = p*t - 3*t - x, -5*t + x = -117. List the prime factors of t.
2, 3
Suppose -3*r + 57 = -6*r. Let d = r + 37. List the prime factors of d.
2, 3
Let l = 180 - 106. What are the prime factors of l?
2, 37
Let c(k) = 51*k + 11. List the prime factors of c(2).
113
Let a(g) be the second derivative of 4*g - 1/2*g**3 - 3*g**2 + 1/12*g**4 + 0. List the prime factors of a(5).
2
Suppose 2*n - 4 = -12. What are the prime factors of n - -8 - (-6)/2?
7
Let j(q) = q**3 + 7*q**2 - 6*q + 10. Let a be j(-8). Let o(g) = g**3 + 6*g**2 - 2*g + 8. What are the prime factors of o(a)?
2, 5
Let y(k) = 45*k. What are the prime factors of y(1)?
3, 5
Let z = 13 + -9. Suppose -y = z*y - 120. List the prime factors of y.
2, 3
Let n(g) = g**2 - 2*g - 5. List the prime factors of n(-4).
19
Suppose -3*c + 26 = w, w = 2*w - c - 18. Suppose w*o - 24*o + 144 = 0. What are the prime factors of o?
2, 3
Let d = -43 + 66. Let s = 38 - d. List the prime factors of s.
3, 5
Let b(k) = k + 1. Let p(q) = -q**2 - 2*q - 15. Let g(z) = -b(z) - p(z). List the prime factors of g(0).
2, 7
Let g = -109 - -297. List the prime factors of g.
2, 47
Let o(l) = l + 1. Let g be o(2). What are the prime factors of (g*-2)/(1/(-3))?
2, 3
Suppose 12 = -4*y - 12. Let b be (-20)/12 + 2/y. List the prime factors of b/(-4)*110/5.
11
Suppose -2*i = -6*i - 140. List the prime factors of (-1)/2 + i/(-2).
17
Suppose -5*s = -4*d - 0 + 1, -2*s = -5*d + 14. Let a = s - -38. What are the prime factors of a?
41
Let n = -58 - -90. What are the prime factors of n?
2
Suppose 0 = -b - 54 + 262. What are the prime factors of b?
2, 13
Suppose -4 = -2*c - 0. Let r(h) be the first derivative of h**3/3 + h - 1. List the prime factors of r(c).
5
What are the prime factors of 5/10*98/3*6?
2, 7
Suppose 7*w - 10*w = -189. What are the prime factors of w?
3, 7
Let h(g) = -23*g. Let f be h(-3). What are the prime factors of (-1)/(-4) - f/(-12)?
2, 3
Suppose y - 2*y + 13 = 0. List the prime factors of y.
13
Suppose -466 + 148 = -2*j. What are the prime factors of j?
3, 53
Let q be 2 + -4*1/2. Suppose q = -2*z + 142 - 16. List the prime factors of 14/z + 34/9.
2
Suppose 109*i = 104*i + 550. List the prime factors of i.
2, 5, 11
Suppose 0 = -4*y - m + 389, 3*y - 386 = -y - 2*m. List the prime factors of y.
2, 7
Suppose -3*a + 8*a - 5 = 0. What are the prime factors of (a/3)/((-4)/(-204))?
17
Let l(b) = b**3 - 4*b**2 - 8*b + 11. List the prime factors of l(6).
5, 7
Let n(s) = -s**2 - 31*s - 16. What are the prime factors of n(-24)?
2, 19
Let k(r) be the first derivative of r**2/2 + 15*r - 1. List the prime factors of k(-9).
2, 3
Let l = 5 - 10. Let d = l - -9. What are the prime factors of d?
2
List the prime factors of 5/(((-12)/(-27))/4).
3, 5
Let c = 208 - 146. What are the prime factors of c?
2, 31
Let b be (0 - -1)*(-10)/(-2). Suppose 0 = -0*f - f - 2, 2 = b*c + 4*f. Suppose -4*u + 46 = -3*a, c*u - 2*a - 14 = -5*a. What are the prime factors of u?
2, 5
Let s(a) = a**3 - 7*a**2 + 3*a - 6. Let c = 21 + -13. Suppose -2*t - r + c + 4 = 0, 0 = 5*t - 3*r - 41. List the prime factors of s(t).
3, 5
Let t be 4/8 + 3/2. Let c be t + 1/(-3 + 2). Let y(i) = 4*i. What are the prime factors of y(c)?
2
Let k(a) = -a**2 + 12*a - 12. Let t be 2/7 - 26/(-7). Suppose -4*u - 3*x = -30, 3*x + 0*x + 42 = t*u. What are the prime factors of k(u)?
3, 5
Suppose -2*r + 7 = -g + 3, -g = 3*r - 6. Let q(h) = -7*h**2 - 5*h - 4. Let t(k) = -k**2 - k + 1. Let u(s) = -q(s) + 6*t(s). What are the prime factors of u(g)?
2, 5
Suppose -5*c + 217 = 6*b - 3*b, 99 = b - 5*c. What are the prime factors of b?
79
Suppose 4*v - 5*m = 699, 4*m + 342 = -0*v + 2*v. Suppose -v = -5*u - 41. What are the prime factors of